is 4 + 1 + (3 - 10 - 1)?
-3
Calculate (-12 - -14) + (-1 - (4 - 4)).
1
Evaluate 6 + 0 + -4 + 4 + -1.
5
Calculate -3 + 6 + 5 + -3.
5
Calculate -3 - (0 - (-1 - 1)).
-5
What is (7 - -1) + (-3 - 2) - 5?
-2
What is the value of -6 - (-8 - -2) - -3?
3
Evaluate -2 + 3 + -5 + 7 - 1.
2
What is the value of 1 + (4 - (3 - 0)) + 2?
4
Calculate 6 + 6 + -9 + -4.
-1
Calculate 2 + -7 + -7 + 18 + 2.
8
What is the value of -3 + 14 + -20 + (1 - -9)?
1
Calculate (-4 - -5) + (5 - -3) - 3.
6
What is the value of (-8 - -6) + 1 + -4?
-5
What is (-2 - (-7 + 9)) + -3?
-7
What is the value of 4 - (1 + (7 - 4))?
0
What is 1 - 3 - (20 + -21 + -2)?
1
What is the value of -9 + 12 - (-1 + 4)?
0
What is -5 - (1 - -4 - 3 - 4)?
-3
0 + (-6 - -7) - 5
-4
Calculate -1 + -3 + (-11 - -11 - -9).
5
0 + (9 - 2) + 2 + -5
4
Evaluate -3 + (0 - (0 + -7)).
4
Evaluate -3 - (-1 - (4 + 3) - -3).
2
What is 19 + (-5 - (-6 + 13))?
7
Evaluate -1 + -1 + (-4 - (4 + -8)).
-2
Evaluate 5 - (-3 + 7 + -2 + 3).
0
-24 + 30 + (-4 - (1 + 1))
0
Evaluate 19 - 37 - (0 - 3) - -6.
-9
Calculate 1 + -2 + (-4 - 2 - -7).
0
What is the value of (5 - 3 - 3) + -44 + 47?
2
3 + 1 - (5 - (3 - -2))
4
What is -6 - (-19 + (5 - -3))?
5
Evaluate 1 + 0 + 10 + -2 + -11.
-2
Evaluate 3 + -14 - (-15 - -13).
-9
What is the value of (1 - -7) + -3 + -3?
2
What is ((-2 - 5) + 4 - -3) + 0?
0
Evaluate (-1 - -2) + (8 - (-6 - -10)).
5
Evaluate (-9 - -7) + (2 - 4).
-4
What is the value of -3 + (-8 - (-7 + -17)) - 6?
7
Evaluate (-1 - 3) + (-11 + 6 - -10).
1
What is 5 + (6 - (3 - -9))?
-1
What is -2 + 6 + (-18 - -7)?
-7
What is the value of (0 - 1 - -7 - 3) + -3?
0
Evaluate (-7 - -6) + -2 - 2.
-5
What is -14 - -14 - 0 - (1 - 8)?
7
-2 + -8 - (5 + (-15 - -5))
-5
-3 - ((0 - -1) + -7)
3
Evaluate -1 + 2 + -1 - (-22 - -22).
0
Calculate -1 + (4 - 4) + -2.
-3
Calculate 1 + (-2 + 5 - 2).
2
(-9 - -2) + -14 - -11
-10
What is -1 - ((-1 - -4) + -4 - 2)?
2
What is -2 + 2 + -2 + 0 + 5?
3
0 + 3 - (-8 + (21 - 7))
-3
What is -3 - (-2 + -12) - (-12 - -17)?
6
Evaluate 6 - (-2 - -2 - -3).
3
What is the value of 1 + (-2 - 0) - 1?
-2
7 + (7 - 29) + 1 + 5
-9
Evaluate 33 + -34 + (2 - -2 - 1).
2
Calculate 9 - ((-1 - 5) + 9).
6
What is the value of -1 + 1 - (-12 + 8)?
4
Calculate (-1 - 0) + (76 - 79).
-4
Evaluate 5 + -1 + 3 + -6.
1
Calculate -5 - (-5 + 4) - -9 - 14.
-9
Evaluate 2 - (4 - (3 - 0)).
1
Calculate (-2 - -6) + (1 - 1 - 1).
3
What is -3 - (-7 + (-7 - -10))?
1
Calculate -1 - (-1 + -1 + -2).
3
What is the value of -2 - 4 - (-4 + 2)?
-4
-6 + 5 + 2 - (3 + 0)
-2
What is 10 + (4 - (8 + 2)) - -3?
7
(-1 - -4) + (42 - 42)
3
Calculate 0 + -2 + -4 + 1.
-5
What is -3 + -3 + 1 + 3?
-2
Calculate -2 - (-3 - (2 - (7 - 4))).
0
Evaluate 4 - (3 - (2 - 3)) - 2.
-2
What is the value of -2 + 3 + -7 + 7?
1
Evaluate (-2 - 5) + (2 - (-2 - -1)).
-4
Evaluate -6 + 3 + 2 - -5.
4
What is the value of 7 - (4 - 5 - (6 - 13))?
1
What is the value of 7 - (-3 - -17) - -2?
-5
Calculate -2 - 2 - (-17 + 11).
2
(12 - 15) + (2 + -4 - 1)
-6
-1 + (-1 + 3 - -1) + -4
-2
Calculate -3 - (-10 + 1) - 4.
2
(-5 - -2) + -4 - (-1 + -2)
-4
What is 0 + 12 + (-52 - -45)?
5
What is the value of -6 + (13 - 4) + -5 + 0?
-2
-2 + -7 + 1 + 9
1
What is (-6 - 0) + 5 + 3?
2
6 - -1 - 2 - (-43 - -41)
7
What is (8 + -10 - -14) + -9?
3
0 + (2 - (-3 + 6))
-1
Evaluate 1 + -5 + 11 - 2.
5
What is the value of 1 + (6 - 1) - (0 + 2)?
4
What is the value of 0 + 5 + -11 - -2?
-4
What is the value of (0 - -1) + -2 + 5 - 9?
-5
Evaluate (-8 - (3 - 3)) + 3.
-5
19 + (16 - 19 - (0 + 5))
11
What is the value of 16 + -13 + (-3 - (-2 + 3))?
-1
What is the value of 2 - (0 + 2 - -1)?
-1
3 + 2 + -3 + -7
-5
Evaluate (-1 - 4) + (84 - 76).
3
What is (-1 - -1) + -1 + 4 + 2?
5
What is -6 + 8 + -7 + (0 - -3)?
-2
What is the value of -2 - (10 + -1 + -3)?
-8
What is the value of (4 - 1 - 3) + -4?
-4
Calculate 12 + -12 - (1 + -2) - -2.
3
Calculate -3 - (8 - (2 - 3 - -5)).
-7
1 + 0 + (40 - 38)
3
Evaluate (-2 - -5) + 9 - 8.
4
Evaluate -2 + 4 - 3 - -6.
5
Evaluate (-4 - -2) + 8 + 3 + -4.
5
Evaluate -22 + 28 + (2 - 15).
-7
What is (16 - -6) + -10 + -14?
-2
What is the value of -16 + 15 + -8 + (5 - 1)?
-5
Evaluate -2 + 3 - (6 - 3 - 5).
3
What is the value of 8 - (-15 + (6 - -15))?
2
What is the value of (-11 - -3 - -3) + (0 - -3)?
-2
What is (12 - (-2 + 10)) + -6?
-2
Evaluate -4 - (1 + -6 + 2 + 1).
-2
What is the value of -10 + 7 + (-7 - -7)?
-3
Evaluate (1 - 0) + 2 - (-50 - -46).
7
Evaluate (-2 - 4 - 0) + 0.
-6
1 + 1 + 1 + -8
-5
Calculate 5 - 2 - (10 + -5).
-2
What is -5 - (2 + (-3 + 1 - 7))?
2
Evaluate -21 + 8 - -9 - 1.
-5
Calculate -19 - (-2 + -6) - (-6 - -1).
-6
What is 5 - (15 + (-10 - -3))?
-3
What is the value of 4 + (-5 + 9 - 5)?
3
Evaluate -3 + (7 - -1 - (3 - 3)).
5
Calculate -3 + 12 + -5 - -2.
6
What is the value of 11 + 3 + -11 + 3?
6
What is the value of (0 - (-9 - -5)) + -2 + 3?
5
Calculate 0 + -5 - (-8 + 8).
-5
What is the value of -4 + 11 + 0 + (4 - 8)?
3
What is 0 + 2 + -2 + (12 - 16)?
-4
Calculate (4 + 2 - 4) + (1 - 7).
-4
What is the value of 2 - (-5 + 6 - (4 + -11))?
-6
Calculate -1 - (-8 + (6 - 0)).
1
What is 2 - (15 + 3) - -10?
-6
What is -17 - ((3 - -6) + -2 - 15)?
-9
Calculate (-3 - -8 - 2) + -4.
-1
Calculate 4 - (6 - -1 - (-51 + 46)).
-8
Evaluate -1 - (-11 + 2) - (24 + -19).
3
What is (-3 - (-9 + 0)) + -1?
5
Calculate -2 + 2 + -1 + 1.
0
What is the value of 2 + (-4 - -10) + -4?
4
What is -4 - (-8 - (-3 - 1))?
0
What is the value of -9 + 2 - (-40 + 26)?
7
Calculate 3 - (7 + 4) - -7.
-1
Evaluate 1 + 0 + (8 - 7).
2
Evaluate 0 - 4 - (5 - 0 - 13).
4
What is ((9 - 5) + -2 - 15) + 3?
-10
Evaluate (0 + 7 - (-25 + 23)) + -5.
4
What is 0 + -21 + 15 + (0 - -2)?
-4
What is the value of (10 + -4 - 1) + 0 + -4?
1
What is -2 - -7 - (61 - 54)?
-2
Evaluate 1 + -5 + (6 - 1).
1
3 - (-1 + 5) - (-5 - -3)
1
Calculate -3 + (-4 - -9) + -3.
-1
Calculate 1 + (3 - (7 - 4)) - 2.
-1
What is (-4 - 0) + 6 - -1?
3
Calculate -2 + -6 + (11 - 8 - 3).
-8
What is the value of -3 + -7 + -6 + 13?
-3
What is -2 - 1 - (-4 - (2 - -2))?
5
Evaluate -1 + -2 + (-5 - -4).
-4
Calculate 6 - (3 - 3) - 5.
1
Evaluate -1 + (7 - (-2 - -3)).
5
Evaluate -8 + 11 + 2 + -4.
1
Calculate (3 - (-2 - -9)) + -2 + 9.
3
What is the value of 0 - (0 - (9 - 12))?
-3
(11 - 3 - 16) + 8
0
Calculate 0 + (6 - 3) + -4 - 0.
-1
Evaluate (6 - 0) + (3 - (10 - 4)).
3
Evaluate 10 + (-10 - -7) - (6 - -1).
0
What is -13 + 6 + 7 - (1 + 0)?
-1
Evaluate -2 + 5 + 3 + (5 - 13).
-2
What is the value of (-4 - 2 - -3) + -4?
-7
What is the value of (0 - (-3 - (2 + -5))) + -5?
-5
Evaluate (-5 - 4 - -4) + 9.
4
Calculate 1 + (8 - (7 + 4)).
-2
(-7 - -5) + (-7 - (-6 - 5))
2
(-10 + 6 - 1) + -5
-10
-1 - (5 + -5) - 4
-5
Evaluate (0 - -3) + (-3 + 9 - 5).
4
What is 1 + -2 + (7 - 10) - 0?
-4
Calculate (4 - 0) + 0 - 9.
-5
Calculate (-1 - 9) + 6 + 4.
0
What is (-15 - (-7 - 15)) + 1 + -2?
6
20 + -15 - (12 + -2) - -8
3
What is -8 - ((-2 - -5) + (-5 - -1))?
-7
-5 + 1 - -9 - 2
3
What is the value of -4 - -1 - -3 - (0 + 5)?
-5
What is -6 + -5 + (7 - -3)?
-1
What is the value of (-5 - -3) + (16 - 21)?
-7
(6 - 10) + 5 + 0
1
Calculate 5 + 4 + -3 + -2 + 2.
6
What is the value of -7 + -6 + (-5 - -23)?
5
Calculate (3 - 1) + (-2 - (7 - 11)).
4
Evaluate 6 + -11 + (-12 - -14).
-3
Evaluate -2 + (4 - 7) + 2 + 7.
4
Evaluate (4 - 5) + 5 - 5 - 4.
-5
-3 + (2 - 1 - (-2 - -4))
-4
What is 0 + 0 + -1 - (-6 + 7)?
-2
Evaluate 0 + 3 + (-3 - 2).
-2
What is the value of -14 + 1 + -1 - (12 + -18)?
-8
Evaluate 1 + (2 + 6 - -7) - 7.
9
-1 + (7 - (-2 - (2 - 6)))
4
Calculate 7 + (8 - 1 - 23) - -5.
-4
What is the value of 0 - 4 - (-6 - -3)?
-1
Evaluate 0 + -6 - (25 - 32).
1
Calculate (-9 - -4) + 1 + 12.
8
Calculate -1 - (4 + (-4 - 0 - 0)).
-1
Calculate 0 - 7 - (-36 + 31).
-2
Evaluate 3 + -1 + (-1 - 2) + 0.
-1
(0 - (2 + -2 + -1)) + 3
4
(-1 - -1) + 0 - (2 - 3)
1
Calculate -3 + 0 + 1 - (-21 - -15).
4
3 + 1 - (16 - 11) - 2
-3
Calculate -5 - 7 - (7 + -11).
-8
What is the value of 7 - (4 + -1) - (6 - 2)?
0
Calculate -3 + (4 - 5) + 1 - -4.
1
Evaluate -5 - (-7 - (3 + -9 - -2)).
-2
Evaluate -6 + -1 - (-5 + 3) - 1.
-6
What is the value of 2 + 1 + 0 + 2?
5
2 + -5 - (3 - 3)
-3
-2 + 3 - -2 - (15 + -16)
4
-1 - (-13 + 3 - -4)
5
Calculate -3 + (-3 - -3) + 0 + -1.
-4
What is the value of -59 - -64 - (-1 + 4)?
2
Calculate 3 + -1 - (-1 - 10) - 6.
7
Calculate -4 + 7 + -9 + 3 + -5.
-8
What is t